ate p(-62).
277
Let i(c) = c**3 + 39*c**2 + 15*c + 580. Determine i(-39).
-5
Let c(y) = -y**3 - 54*y**2 + 396*y + 18750. What is c(-55)?
-5
Let x(t) = t**3 - 6*t**2 + t - 36. What is x(6)?
-30
Let r(o) = o**2 - 135*o + 889. Determine r(7).
-7
Let j(c) = -98*c**3 + c**2 - 3*c + 3. Determine j(1).
-97
Let o(m) = -82*m + 672. Give o(10).
-148
Let a(n) = 5*n**2 - 49*n + 39. Determine a(9).
3
Let u(s) = -2*s**2 - 75*s + 207. Determine u(3).
-36
Let x(k) = -7*k**3 + 6*k**2 - 69*k + 137. What is x(2)?
-33
Let b(s) = s**3 + 8*s**2 - 26*s + 94. Determine b(-12).
-170
Let i(x) = x**2 + 61*x - 220. Give i(-66).
110
Let o(q) = -18*q**3 + 3*q**2 - 5*q + 26. Give o(3).
-448
Let x(v) = -43*v**2 - 853*v + 96. What is x(-20)?
-44
Let n(a) = -179*a - 25476. Give n(-142).
-58
Let j(y) = -138*y + 12278. Determine j(89).
-4
Let l(m) = m**3 - 27*m**2 - 351*m + 62. Calculate l(-10).
-128
Let p(z) = -7*z**3 - 5*z + 6. Determine p(-3).
210
Let m(r) = -12*r - 539. Calculate m(-45).
1
Let w(r) = -r**2 + 66*r - 339. What is w(61)?
-34
Let z(f) = -73*f + 4883. Give z(67).
-8
Let a(s) = -2*s**3 - 17*s**2 - 17*s - 39. Give a(-8).
33
Let i(m) = -14*m + 314. Calculate i(21).
20
Let z(s) = -12*s**2 + 301*s - 90. What is z(25)?
-65
Let m(o) = o**3 + 28*o**2 + 16*o - 271. Calculate m(-27).
26
Let k(w) = 3*w**2 - 80*w + 20. What is k(26)?
-32
Let d(a) = 73*a - 2872. Determine d(39).
-25
Let p(d) = -2*d**3 + 23*d**2 - 32*d + 14. Give p(10).
-6
Let t(i) = -18*i**2 + 12*i + 40. What is t(-3)?
-158
Let h(a) = 153*a - 17285. Determine h(113).
4
Let o(q) = 89*q + 76. Determine o(-5).
-369
Let q(h) = h**3 - 11*h**2 - 15*h + 169. Determine q(11).
4
Let s(m) = 32*m + 3. Determine s(-2).
-61
Let p(i) = 23*i**2 - 864*i + 1732. Determine p(2).
96
Let g(r) = r**3 - 28*r**2 - 58*r - 100. Determine g(30).
-40
Let k(w) = -43*w - 477. What is k(-29)?
770
Let m(x) = 195*x - 1252. Give m(6).
-82
Let v(b) = -8*b**2 + 11*b + 13. Determine v(-3).
-92
Let f(u) = -26*u - 1968. Calculate f(-75).
-18
Let m(c) = c**2 - 29*c + 26. Determine m(30).
56
Let r(a) = -349*a + 18145. Calculate r(52).
-3
Let g(u) = u**2 - 39*u + 357. Determine g(20).
-23
Let k(p) = -6*p + 410. What is k(56)?
74
Let k(y) = -2*y**2 + 787*y + 6453. Determine k(-8).
29
Let i(k) = 82*k**3 + 244*k**2 + 44*k + 150. Determine i(-3).
0
Let m(q) = -337*q + 2704. Give m(8).
8
Let u(c) = 4*c**2 - 19*c - 122. Give u(12).
226
Let z(l) = 290*l + 142. Calculate z(0).
142
Let v(o) = -4*o**3 + 10*o**2 + 8*o + 5. Calculate v(4).
-59
Let j(p) = 33*p + 1603. What is j(-53)?
-146
Let h(w) = 1346*w - 14814. Determine h(11).
-8
Let j(h) = 37*h**3 + 26*h**2 + 85*h + 21. Give j(-3).
-999
Let a(m) = 26*m + 771. Give a(-30).
-9
Let j(h) = -30*h + 165. Determine j(6).
-15
Let k(j) = -36*j - 334. What is k(-6)?
-118
Let c(r) = 10*r**2 + 293*r - 293. Calculate c(1).
10
Let n(m) = -24*m**2 - 1484*m + 188. What is n(-62)?
-60
Let h(b) = -2212*b - 17696. Calculate h(-8).
0
Let o(h) = -h**3 + 70*h**2 - 324*h - 16. Determine o(5).
-11
Let v(g) = -7*g + 255. Determine v(33).
24
Let o(n) = -222*n**2 + 898*n - 36. Calculate o(4).
4
Let p(j) = 23*j**3 - 9*j**2 - 11*j + 41. Give p(2).
167
Let c(v) = -9*v**2 + 146*v + 455. What is c(-3)?
-64
Let a(p) = 2*p**3 - 4*p**2 + 31*p - 84. Calculate a(3).
27
Let z(y) = y**3 - 84*y**2 + 79*y + 328. Determine z(83).
-4
Let r(z) = -z**3 + 7*z**2 + 12*z - 14. Determine r(6).
94
Let l(u) = 12*u**2 - 300*u - 64. Give l(25).
-64
Let q(h) = h - 50. What is q(32)?
-18
Let b(q) = q**3 + 5*q**2 + 5*q + 27. Determine b(-5).
2
Let k(d) = 196*d**3 + d**2 - d - 2. Give k(-1).
-196
Let m(b) = -b**3 - 91*b**2 + 83*b - 831. Calculate m(-92).
-3
Let x(k) = 14*k**3 - 1175*k**2 - 80*k - 368. Calculate x(84).
-32
Let f(x) = -2*x**2 + 62*x - 507. What is f(37)?
-951
Let t(d) = -54*d - 579. Calculate t(-8).
-147
Let t(i) = -i**3 + 10*i**2 + 6*i - 134. Give t(9).
1
Let l(b) = -2*b**2 - 111*b + 1094. Calculate l(-64).
6
Let q(y) = 6*y**3 - y**2 + 4*y - 6. What is q(-3)?
-189
Let k(r) = -r**3 - 17*r**2 - 55*r + 36. Give k(-12).
-24
Let b(s) = -38*s**2 + 529*s + 48. Give b(14).
6
Let r(o) = -2541*o + 22864. Calculate r(9).
-5
Let h(w) = -3*w**2 + 5*w + 265. Give h(0).
265
Let x(s) = -405*s + 87471. Calculate x(216).
-9
Let f(q) = -q**3 + 72*q**2 + 65*q + 587. What is f(73)?
3
Let o(a) = a**2 - 364*a + 5901. What is o(17)?
2
Let y(x) = -2*x**2 + 130*x + 113. Calculate y(69).
-439
Let i(y) = 4*y**3 + 5*y**2 + y - 7. Calculate i(-2).
-21
Let l(s) = -196*s + 4838. Determine l(25).
-62
Let g(n) = 29*n + 816. Give g(-27).
33
Let r(o) = o**3 - 31*o**2 - 288*o - 21. Calculate r(-7).
133
Let g(q) = -361*q + 1874. What is g(5)?
69
Let g(s) = -s**3 + 201*s**2 - 3130*s + 366. What is g(184)?
-2
Let y(f) = -67*f + 236. Give y(2).
102
Let c(y) = y**3 - 13*y**2 + 17*y - 23. Give c(12).
37
Let y(l) = 483*l - 3394. Determine y(7).
-13
Let s(w) = 5*w + 117. What is s(-13)?
52
Let c(s) = 113*s - 1557. Give c(14).
25
Let t(x) = -x**3 - 33*x**2 - 38*x - 200. Calculate t(-32).
-8
Let k(p) = -493*p - 536. Calculate k(-2).
450
Let z(r) = -2*r**3 + 229*r**2 - 111*r - 348. Calculate z(114).
-6
Let d(b) = 2067*b + 18608. Calculate d(-9).
5
Let l(u) = -978*u + 13707. Give l(14).
15
Let o(s) = 39*s**2 + 38*s - 40. Give o(1).
37
Let z(w) = -1490*w - 34270. Give z(-23).
0
Let u(w) = -w**3 - 85*w**2 + 2*w - 20. Give u(0).
-20
Let m(q) = -q**3 + 4*q**2 + 71*q + 156. Calculate m(-3).
6
Let o(b) = b**3 + 58*b**2 - 114*b + 22. What is o(-60)?
-338
Let h(w) = -323*w - 1935. Give h(-6).
3
Let y(s) = -s**2 + 1639*s + 11524. Calculate y(-7).
2
Let w(f) = -18*f - 299. What is w(-16)?
-11
Let f(x) = x**2 - 42*x - 184. What is f(-4)?
0
Let m(x) = -2*x**3 - 35*x**2 + 23*x + 81. Calculate m(-18).
-9
Let g(f) = -3*f + 184. Calculate g(-5).
199
Let t(u) = -5*u**2 - 332*u - 42. What is t(-66)?
90
Let f(q) = 2*q**2 - 50*q + 71. What is f(22)?
-61
Let d(g) = g**2 + 19*g - 33. Give d(-24).
87
Let d(a) = 2625*a - 49879. Give d(19).
-4
Let t(o) = -30*o - 141. What is t(5)?
-291
Let z(c) = -93*c + 1021. What is z(11)?
-2
Let d(t) = 2*t**2 - 2*t - 149. What is d(-11)?
115
Let f(o) = 22*o**3 - 5*o**2 - 106*o + 110. Calculate f(1).
21
Let c(k) = -2*k**3 + 5*k**2 + 52*k - 334. Give c(7).
-411
Let p(d) = d**3 - 19*d**2 - 29*d - 68. Calculate p(21).
205
Let m(b) = -b**3 + 13*b**2 - 16*b + 1. What is m(9)?
181
Let m(l) = 88*l + 137. Calculate m(2).
313
Let z(t) = t**3 + 10*t**2 - 305*t - 2822. What is z(-9)?
4
Let c(f) = 4*f**3 + 3*f**2 - 16*f - 6. What is c(5)?
489
Let a(m) = -3*m**2 - 49*m + 14. Calculate a(-7).
210
Let m(z) = 15*z - 80. Give m(28).
340
Let m(t) = t**2 - 27*t - 193. Calculate m(33).
5
Let h(k) = -k**2 + 14*k - 26. Give h(15).
-41
Let k(t) = -t**3 + 33*t**2 - 5*t + 138. Calculate k(33).
-27
Let b(h) = 20*h - 799. Give b(40).
1
Let i(t) = -2*t**3 - 6*t + 29. Determine i(0).
29
Let g(d) = d**3 + 162*d**2 + 16*d + 2582. What is g(-162)?
-10
Let i(n) = 502*n - 1583. Give i(3).
-77
Let s(r) = -2*r**3 + 144*r**2 - 17*r + 1216. Determine s(72).
-8
Let o(i) = 3*i**3 - 3*i**2 + 5*i - 9. Give o(2).
13
Let t(i) = i**3 + i**2 - 11*i - 7. Give t(-3).
8
Let g(k) = -k**3 - 29*k**2 + 166*k + 1167. What is g(-33)?
45
Let x(d) = 19*d - 544. Determine x(29).
7
Let u(z) = -3*z**2 + 148*z + 6709. Determine u(78).
1
Let m(b) = 17*b**3 - 4*b**2 + 68*b - 65. Determine m(1).
16
Let s(q) = -2*q**2 - 25*q - 36. Give s(-12).
-24
Let u(c) = 317*c - 2549. Calculate u(8).
-13
Let r(l) = l**3 - 14*l**2 + 40*l + 29. Determine r(6).
-19
Let p(a) = -5*a + 584. Give p(-10).
634
Let y(t) = 13*t + 930. Calculate y(-80).
-110
Let a(p) = -127*p + 430. Determine a(4).
-78
Let c(q) = q**2 - 53*q + 576. Calculate c(15).
6
Let i(o) = 11*o - 416. Give i(-8).
-504
Let j(v) = -v**3 - 13*v**2 + 48*v + 569. What is j(-13)?
-55
Let w(b) = -2*b**2 + 44*b + 158. Calculate w(-4).
-50
Let y(n) = -270*n + 7829. What is y(29)?
-1
Let l(r) = 9*r**2 - 132*r - 471. Give l(-3).
6
Let m(b) = -b**2 - 54*b - 157. Calculate m(-51).
-4
Let j(g) = -3*g**2 - 50*g - 85. What is j(-14)?
27
Let y(f) = -3*f**2 + 5*f - 4. What is y(-8)?
-236
Let j(v) = 2*v**2 - 57*v - 252. Give j(32).
-28
Let g(c) = -120*c + 1801. Give g(15).
1
Let t(u) = -u**3 - 6*u**2 - 11*u - 69. Determine t(-6).
-3
Let j(s) = -s**2 + 179*s + 15. Calculate j(179).
15
Let n(k) = 30*k**3 + k**2 - 2*